 is divided by 194.
36
What is the remainder when 27626 is divided by 82?
74
What is the remainder when 1379 is divided by 276?
275
What is the remainder when 35597 is divided by 356?
353
Calculate the remainder when 55251 is divided by 266.
189
What is the remainder when 20375 is divided by 3909?
830
Calculate the remainder when 3028 is divided by 3021.
7
What is the remainder when 6760 is divided by 144?
136
What is the remainder when 556429 is divided by 1676?
1673
Calculate the remainder when 57163 is divided by 57163.
0
Calculate the remainder when 86993 is divided by 2351.
6
What is the remainder when 11819 is divided by 539?
500
What is the remainder when 83150 is divided by 28?
18
Calculate the remainder when 208852 is divided by 459.
7
Calculate the remainder when 102623 is divided by 242.
15
What is the remainder when 5705 is divided by 1389?
149
What is the remainder when 1498598 is divided by 20?
18
Calculate the remainder when 259811 is divided by 42.
41
What is the remainder when 42205 is divided by 9?
4
What is the remainder when 5331 is divided by 254?
251
Calculate the remainder when 1391 is divided by 65.
26
What is the remainder when 26395 is divided by 629?
606
What is the remainder when 294036 is divided by 2911?
25
Calculate the remainder when 6647 is divided by 948.
11
Calculate the remainder when 2791 is divided by 308.
19
What is the remainder when 232657 is divided by 753?
733
What is the remainder when 1098597 is divided by 81?
75
What is the remainder when 5302 is divided by 375?
52
What is the remainder when 9261 is divided by 18?
9
What is the remainder when 5063 is divided by 1624?
191
Calculate the remainder when 12161 is divided by 73.
43
What is the remainder when 50893 is divided by 3633?
31
Calculate the remainder when 27524 is divided by 287.
259
Calculate the remainder when 413550 is divided by 572.
566
Calculate the remainder when 72201 is divided by 72187.
14
Calculate the remainder when 7082953 is divided by 1353.
1351
Calculate the remainder when 4712 is divided by 76.
0
What is the remainder when 1758373 is divided by 37412?
9
Calculate the remainder when 5715 is divided by 19.
15
What is the remainder when 65861 is divided by 420?
341
What is the remainder when 3517 is divided by 354?
331
Calculate the remainder when 42029 is divided by 12.
5
Calculate the remainder when 6497 is divided by 722.
721
Calculate the remainder when 2021 is divided by 670.
11
Calculate the remainder when 8835 is divided by 114.
57
Calculate the remainder when 3578 is divided by 3563.
15
What is the remainder when 803 is divided by 67?
66
Calculate the remainder when 1628 is divided by 63.
53
What is the remainder when 379066 is divided by 1886?
1866
Calculate the remainder when 6512 is divided by 41.
34
Calculate the remainder when 39961 is divided by 173.
171
What is the remainder when 951 is divided by 33?
27
Calculate the remainder when 131096 is divided by 69.
65
What is the remainder when 2288 is divided by 203?
55
Calculate the remainder when 153 is divided by 100.
53
What is the remainder when 32823 is divided by 11?
10
What is the remainder when 6009 is divided by 134?
113
What is the remainder when 130487 is divided by 65202?
83
Calculate the remainder when 9099 is divided by 2985.
144
What is the remainder when 2411 is divided by 12?
11
What is the remainder when 229455 is divided by 126?
9
What is the remainder when 2889 is divided by 235?
69
Calculate the remainder when 878 is divided by 485.
393
Calculate the remainder when 839727 is divided by 69.
66
What is the remainder when 13236 is divided by 9?
6
What is the remainder when 12651 is divided by 2104?
27
What is the remainder when 8107 is divided by 20?
7
Calculate the remainder when 22395 is divided by 7464.
3
What is the remainder when 36132 is divided by 12038?
18
What is the remainder when 25201 is divided by 547?
39
Calculate the remainder when 53727 is divided by 6713.
23
What is the remainder when 1620 is divided by 1613?
7
What is the remainder when 27107 is divided by 1178?
13
Calculate the remainder when 355031 is divided by 6.
5
Calculate the remainder when 80874 is divided by 171.
162
Calculate the remainder when 5352 is divided by 315.
312
What is the remainder when 512 is divided by 217?
78
What is the remainder when 9219 is divided by 4597?
25
Calculate the remainder when 756524 is divided by 16.
12
What is the remainder when 69764 is divided by 585?
149
What is the remainder when 475 is divided by 111?
31
Calculate the remainder when 29524 is divided by 14754.
16
What is the remainder when 345 is divided by 67?
10
What is the remainder when 240507 is divided by 148?
7
What is the remainder when 7541 is divided by 3339?
863
What is the remainder when 61308 is divided by 227?
18
Calculate the remainder when 49430 is divided by 37.
35
What is the remainder when 1394 is divided by 235?
219
What is the remainder when 6364 is divided by 802?
750
What is the remainder when 10609 is divided by 123?
31
Calculate the remainder when 4164 is divided by 1037.
16
Calculate the remainder when 3649 is divided by 123.
82
Calculate the remainder when 10575 is divided by 157.
56
What is the remainder when 16865 is divided by 10?
5
What is the remainder when 1427 is divided by 376?
299
What is the remainder when 236713 is divided by 4012?
5
What is the remainder when 4087 is divided by 781?
182
Calculate the remainder when 1287 is divided by 150.
87
Calculate the remainder when 24628 is divided by 342.
4
Calculate the remainder when 1281 is divided by 214.
211
What is the remainder when 2162 is divided by 1458?
704
What is the remainder when 928 is divided by 306?
10
What is the remainder when 23341 is divided by 1165?
41
What is the remainder when 6728 is divided by 122?
18
What is the remainder when 900521 is divided by 277?
271
Calculate the remainder when 504658 is divided by 1592.
1586
What is the remainder when 3630 is divided by 267?
159
Calculate the remainder when 1153328 is divided by 410.
408
Calculate the remainder when 143661 is divided by 3682.
63
Calculate the remainder when 177854 is divided by 366.
344
Calculate the remainder when 137559 is divided by 23.
19
Calculate the remainder when 10210 is divided by 2041.
5
What is the remainder when 113655 is divided by 24?
15
Calculate the remainder when 16279 is divided by 354.
349
What is the remainder when 26627 is divided by 987?
965
What is the remainder when 2546 is divided by 188?
102
What is the remainder when 164647 is divided by 1568?
7
What is the remainder when 123603 is divided by 55?
18
Calculate the remainder when 699 is divided by 75.
24
Calculate the remainder when 1567 is divided by 964.
603
Calculate the remainder when 9371 is divided by 172.
83
Calculate the remainder when 251574 is divided by 31444.
22
What is the remainder when 27288 is divided by 143?
118
What is the remainder when 370756 is divided by 620?
616
What is the remainder when 5286 is divided by 120?
6
What is the remainder when 570962 is divided by 1560?
2
Calculate the remainder when 1836 is divided by 1067.
769
What is the remainder when 7445 is divided by 7431?
14
What is the remainder when 120495 is divided by 40154?
33
Calculate the remainder when 154430 is divided by 601.
574
What is the remainder when 14967 is divided by 1391?
1057
What is the remainder when 2641 is divided by 379?
367
Calculate the remainder when 12595 is divided by 4075.
370
What is the remainder when 7553 is divided by 1888?
1
What is the remainder when 73133 is divided by 18260?
93
What is the remainder when 3332 is divided by 484?
428
Calculate the remainder when 162 is divided by 13.
6
Calculate the remainder when 2069 is divided by 2068.
1
Calculate the remainder when 3292 is divided by 1228.
836
What is the remainder when 2788 is divided by 82?
0
What is the remainder when 22928 is divided by 266?
52
Calculate the remainder when 26825 is divided by 360.
185
Calculate the remainder when 30843 is divided by 2.
1
What is the remainder when 2665 is divided by 298?
281
Calculate the remainder when 86495 is divided by 85.
50
What is the remainder when 1033179 is divided by 159?
156
Calculate the remainder when 1822 is divided by 110.
62
